he highest common divisor of 220 and c?
20
Suppose 27*u - 23*u = 152. What is the highest common divisor of u and 114?
38
Suppose -11 = a - 11. Let t be 7/((-14)/(-8)) - a/1. Suppose -x = -d - 7, 0 = 3*d - 2 + 11. What is the greatest common divisor of x and t?
4
Let y = 1411 - 1371. What is the highest common factor of 45 and y?
5
Let u be 18/21*(4 - -3). Suppose -140 = -u*g + 136. What is the highest common factor of g and 414?
46
Let p(s) = -s**2 + 11*s + 682. Let h be p(32). Calculate the highest common factor of 2750 and h.
10
Let d(z) = 5*z**2 + 3*z + 1. Let x be d(-2). Let f be ((-9)/x)/(1/(-20)). Let l = 34 + 2. Calculate the highest common factor of f and l.
12
Let o = -181 - -198. Calculate the greatest common divisor of 119 and o.
17
Let u(x) = -x - 19. Let j be u(-38). Calculate the highest common divisor of j and 589.
19
Let s = 198 + -117. Let b(h) = h**2 - 4*h + 4. Let d be b(5). Suppose -d*y = -144 - 99. What is the highest common divisor of y and s?
27
Suppose -2*n - n = 3*k - 6, -2*n - 20 = -2*k. What is the greatest common divisor of 282 and k?
6
Let d be (-88)/484 + (-266)/(-11). Let p(x) = 8*x**2 - x - 3. Let t be p(5). Calculate the greatest common divisor of t and d.
24
Suppose 8 = 3*n - 40. Suppose -2*y = 4*d + n, -y + 3*d - 9 = y. Let v = y - -15. Calculate the greatest common factor of v and 3.
3
Let y(x) = -x - 3. Let w be y(-4). Let u be (1 - (w - -1))*-49. Suppose -2*z - 3*v = v - 26, 4*v - 12 = 0. What is the highest common factor of u and z?
7
Let a(q) = -q**2 - 34*q + 42. Let l be a(-35). What is the greatest common factor of l and 91?
7
Suppose 4*a + 4*t - 1056 = 0, -3*t - 1273 = -5*a + 7. Calculate the greatest common divisor of a and 14.
7
Suppose 2*a = 3*p + 67, 9*a + 103 = 12*a - 2*p. What is the highest common divisor of 2240 and a?
35
Let x(n) be the first derivative of n**4/4 - 2*n**3/3 + n**2 + 3*n + 1. Let t be x(3). Suppose -7*a - 139 = -454. What is the highest common factor of t and a?
9
Let p be -5*((-1)/10 + (110682/(-180))/43). Let v(k) = 27*k**2 - 1. Let g be v(1). Suppose 3*y = -2 + g. Calculate the greatest common divisor of p and y.
8
Let o = 613 - 272. Suppose f + 125 - o = 0. Calculate the greatest common divisor of f and 27.
27
Let p be (-10855)/(-78) + 10/12. Calculate the highest common factor of p and 105.
35
Suppose 4*r = 65 + 23. Suppose 146 - r = 4*f. Suppose 2*i = 13 + f. What is the highest common factor of 66 and i?
22
Let k be 51 - -2*1*(0 - -2). Let q(x) = x**3 + 6*x**2 - 8*x + 4. Let y be q(-7). Calculate the greatest common factor of k and y.
11
Let r(o) = -o - 1. Let t(j) = 6*j + 12. Let u(g) = 60*r(g) + 5*t(g). Let q be u(-2). What is the highest common divisor of q and 12?
12
Let b be (7 - (-153)/(-21)) + (-1854)/(-21). What is the greatest common divisor of 2552 and b?
88
Let p(u) = -4*u**3 + 3. Suppose 4*m = -0*m. Let x(a) = -a**2 - 2. Let t be x(m). Let g be p(t). What is the greatest common factor of g and 14?
7
Let y(r) be the third derivative of -r**5/60 + 3*r**4/8 + r**3/6 - 14*r**2. Let l be y(5). Calculate the highest common divisor of l and 21.
21
Let x be (0 - 4)*180/(-8). What is the greatest common divisor of 30 and x?
30
Let r = -718 + 1105. Calculate the highest common factor of 43 and r.
43
Let j = -801 - -1298. What is the greatest common divisor of j and 21?
7
Let u(i) = 2*i + 6. Let t be u(0). Suppose t*b - 2*b - 4 = 0. Let d be (3 + 4)/(b + 0). Calculate the greatest common factor of d and 56.
7
Let c = -26 + 31. Suppose 0 = -2*m + c*m - 216. Let u be (-8)/(-3)*(-3)/(-1). What is the highest common divisor of u and m?
8
Let g(k) = 44*k - 262. Let t be g(13). Calculate the highest common factor of t and 5.
5
Suppose -2*b + m - 68 = -11, 4*m = -2*b - 52. Let c = b - -49. What is the highest common divisor of 231 and c?
21
Let u be 18/(-4)*(-2)/3. Suppose 0 = -u*t + 31 + 191. Let p(g) = 11*g**2 + 2*g - 3. Let o be p(-2). What is the highest common divisor of o and t?
37
Suppose 0*o + 76 = -2*o. Let t = o + 48. What is the highest common factor of t and 10?
10
Let p(k) = -k**3 + 6*k**2 - k - 19. Let b(z) = z**2 + 1. Let f be b(2). Let s be p(f). Calculate the greatest common factor of 9 and s.
1
Suppose -3*x = -0*x - 135. Suppose -3*g + x + 51 = 0. Let n = -29 + g. What is the greatest common factor of 6 and n?
3
Suppose 10 = h - 6. Let z(o) = -o**2 - 18*o - 17. Let k be z(-17). Suppose 18*m - 20*m + 16 = k. Calculate the greatest common factor of m and h.
8
Let f = 172 + -78. Calculate the highest common factor of 235 and f.
47
Let w = 114 - -250. What is the greatest common factor of 26 and w?
26
Suppose -707 = -4*r - 227. Let v(j) = j**3 - 4*j**2 - 8*j. Suppose -5*p = 4*x - 2 - 2, -4 = p. Let z be v(x). What is the greatest common divisor of r and z?
24
Let q = -434 + 470. Calculate the highest common divisor of 24 and q.
12
Suppose -3*b + 0*g = g + 3, -3*b - 3 = -5*g. Let x(d) = 111*d**2 - 2*d - 3. Let v be x(b). What is the greatest common divisor of v and 22?
22
Let a be (-4)/(-10)*(-450)/(-36). Let c be (33/(-12))/(a/(-40)). Calculate the highest common factor of c and 220.
22
Suppose 3*t + m - 45 = 0, 0 = 4*t - 0*t + 3*m - 55. Let c be 3 - 3*t/12. Let d be ((-9)/(-27))/(c/(-195)). What is the greatest common factor of 26 and d?
13
Suppose 2*z + 20*n - 50 = 25*n, 3*n = -5*z + 187. Suppose 0*f + 8 = 2*f. Let d = f - -10. Calculate the highest common factor of z and d.
7
Let o(d) = -2*d**3 + 8 - 3*d**2 + 27*d**2 + 0. Let p be o(12). What is the greatest common factor of p and 64?
8
Let a = 49 - 21. Let y = a + -13. What is the highest common divisor of y and 105?
15
Suppose 17836 - 4795 = 27*j. Calculate the greatest common factor of j and 207.
69
Let s be 33*(-85)/(-45) + (-1)/3. Let u = s + -36. Let p = 254 + -176. Calculate the highest common divisor of u and p.
26
Let p(r) = 3*r**3 - 10*r**2 - 13*r + 62. Let k be p(4). Suppose 10 + 18 = 2*q. What is the highest common divisor of q and k?
14
Let h(f) be the third derivative of -3*f**4/8 - 25*f**3/6 - 19*f**2. Let n be h(-6). Calculate the highest common factor of n and 116.
29
Let a(w) = -3 + 3 + 1 + 3*w - 3*w**2 - w**3 + 0*w. Let y be a(-4). Suppose 2*g = d + 113, -y*d = 6 + 9. What is the highest common divisor of 11 and g?
11
Let w(b) = 2*b**2 - b + 220. Let c be w(0). Calculate the greatest common divisor of 40 and c.
20
Let k be ((-10)/15)/(6/(-171))*1. Suppose k*l = 16*l + 66. Calculate the highest common divisor of l and 11.
11
Suppose -1732 = -4*q - 4*d, -17 + 16 = -d. Calculate the highest common factor of q and 48.
48
Let v = -142 + 145. Calculate the greatest common divisor of v and 51.
3
Suppose 5*g - 148 = 3*g. Suppose -2*d = 2*z - g, 0 = 5*d + 2*z - 113 - 66. Let n = -1821 - -1826. What is the highest common divisor of n and d?
5
Suppose 2*g = 2*p + 2734, 13*g - 4*p = 11*g + 2742. Calculate the highest common divisor of 47 and g.
47
Suppose 0 = -0*m + 2*m. Suppose -c + d + 19 = m, 5*c = d - 0*d + 75. Let q = c - -85. Calculate the highest common factor of 9 and q.
9
Let g(k) = k**2 - 11*k + 44. Let c be g(8). What is the highest common divisor of c and 64?
4
Let d(p) be the third derivative of -p**4/24 - 7*p**3/3 + 7*p**2. Let t be d(-9). Let z = t - -14. Calculate the highest common divisor of 3 and z.
3
Suppose -3*z + t - 2 = 0, -18 = -z - 3*t - 2. Let d be ((-96)/64)/(1/(-18)*z). Calculate the greatest common factor of 6 and d.
3
Let h(x) be the third derivative of x**5/30 - 3*x**4/8 + 4*x**3/3 - 4*x**2. Let q be h(6). What is the highest common factor of 2 and q?
2
Suppose -2*g = -o + 5*o - 18, -5*o + 3*g = -6. Let p(q) = 1 - o - 4 - 5 + 11*q. Let b be p(5). Calculate the greatest common divisor of 11 and b.
11
Let b = 30 - 44. Let d = 14 + b. Suppose d = c - 0 - 1. Calculate the greatest common divisor of 3 and c.
1
Let k(p) = 11*p + 14. Let d be k(4). Let j = d - 24. What is the highest common factor of 51 and j?
17
Suppose t = -2*t + 54. Suppose 5*z - t = 2*z. Let p be ((-12)/48 - -1)*16. What is the highest common divisor of z and p?
6
Let w be (0 - (0 - -63))*(1 + -2). Let r(o) = o**2 - 11*o + 42. Let c be r(21). What is the highest common divisor of w and c?
63
Let h be (9/4)/((-3)/(-20)). Let o be (-3)/12 + 21/4. Calculate the greatest common divisor of o and h.
5
Let r 